{"id":1148,"date":"2023-04-17T10:47:41","date_gmt":"2023-04-17T08:47:41","guid":{"rendered":"http:\/\/www.laureys.net\/team\/tim-laureys\/"},"modified":"2023-05-12T14:16:28","modified_gmt":"2023-05-12T12:16:28","slug":"tim-laureys","status":"publish","type":"team","link":"https:\/\/www.laureys.net\/fr\/team\/tim-laureys\/","title":{"rendered":"Tim Laureys"},"content":{"rendered":"","protected":false},"excerpt":{"rendered":"<p>Tim Laureys a fait ses 5 ans de droit \u00e0 l&rsquo;Universit\u00e9 de Gand (2000) suivi d&rsquo;un master de sp\u00e9cialisation en fiscalit\u00e9 (formation de 2 ans en collaboration avec Vlerick) (2002) puis un master de sp\u00e9cialisation en droit des soci\u00e9t\u00e9s \u00e0 Bruxelles (KUB \u2013 2004 \u2013 formation de 2 ans). Il a r\u00e9ussi toutes ces formations avec distinction ou grande distinction.<\/p>\n","protected":false},"featured_media":2007,"parent":0,"template":"","class_list":["post-1148","team","type-team","status-publish","has-post-thumbnail","hentry"],"_links":{"self":[{"href":"https:\/\/www.laureys.net\/fr\/wp-json\/wp\/v2\/team\/1148","targetHints":{"allow":["GET"]}}],"collection":[{"href":"https:\/\/www.laureys.net\/fr\/wp-json\/wp\/v2\/team"}],"about":[{"href":"https:\/\/www.laureys.net\/fr\/wp-json\/wp\/v2\/types\/team"}],"wp:featuredmedia":[{"embeddable":true,"href":"https:\/\/www.laureys.net\/fr\/wp-json\/wp\/v2\/media\/2007"}],"wp:attachment":[{"href":"https:\/\/www.laureys.net\/fr\/wp-json\/wp\/v2\/media?parent=1148"}],"curies":[{"name":"wp","href":"https:\/\/api.w.org\/{rel}","templated":true}]}}

<p>Tim Laureys a fait ses 5 ans de droit à l&rsquo;Université de Gand (2000) suivi d&rsquo;un master de spécialisation en fiscalité (formation de 2 ans en collaboration avec Vlerick) (2002) puis un master de spécialisation en droit des sociétés à Bruxelles (KUB – 2004 – formation de 2 ans). Il a réussi toutes ces formations avec distinction ou grande distinction.</p>
